{"id":62,"date":"2013-11-28T20:24:10","date_gmt":"2013-11-28T19:24:10","guid":{"rendered":"http:\/\/www.latp.univ-mrs.fr\/~mathieu.dandonneau\/m2psav.new\/?page_id=62"},"modified":"2021-11-22T16:03:09","modified_gmt":"2021-11-22T15:03:09","slug":"modeles-lineaires","status":"publish","type":"page","link":"https:\/\/m2psav.master.edu-math.org\/?page_id=62","title":{"rendered":"Mod\u00e8les lin\u00e9aires"},"content":{"rendered":"<p>Mod\u00e8les lin\u00e9aires<br \/>\nVincent Monsan (UFHB)<\/p>\n<p>Outils alg\u00e9briques et probabilistes<br \/>\nFormulation du mod\u00e8le lin\u00e9aire<br \/>\nEstimation des param\u00e8tres<br \/>\nTests d\u2019hypoth\u00e8ses<br \/>\nExtension du mod\u00e8le lin\u00e9aire<\/p>\n","protected":false},"excerpt":{"rendered":"<p>Mod\u00e8les lin\u00e9aires Vincent Monsan (UFHB) Outils alg\u00e9briques et probabilistes Formulation du mod\u00e8le lin\u00e9aire Estimation des param\u00e8tres Tests d\u2019hypoth\u00e8ses Extension du mod\u00e8le lin\u00e9aire<\/p>\n","protected":false},"author":1,"featured_media":0,"parent":0,"menu_order":0,"comment_status":"closed","ping_status":"open","template":"","meta":{"footnotes":""},"class_list":["post-62","page","type-page","status-publish","hentry"],"_links":{"self":[{"href":"https:\/\/m2psav.master.edu-math.org\/index.php?rest_route=\/wp\/v2\/pages\/62","targetHints":{"allow":["GET"]}}],"collection":[{"href":"https:\/\/m2psav.master.edu-math.org\/index.php?rest_route=\/wp\/v2\/pages"}],"about":[{"href":"https:\/\/m2psav.master.edu-math.org\/index.php?rest_route=\/wp\/v2\/types\/page"}],"author":[{"embeddable":true,"href":"https:\/\/m2psav.master.edu-math.org\/index.php?rest_route=\/wp\/v2\/users\/1"}],"replies":[{"embeddable":true,"href":"https:\/\/m2psav.master.edu-math.org\/index.php?rest_route=%2Fwp%2Fv2%2Fcomments&post=62"}],"version-history":[{"count":1,"href":"https:\/\/m2psav.master.edu-math.org\/index.php?rest_route=\/wp\/v2\/pages\/62\/revisions"}],"predecessor-version":[{"id":63,"href":"https:\/\/m2psav.master.edu-math.org\/index.php?rest_route=\/wp\/v2\/pages\/62\/revisions\/63"}],"wp:attachment":[{"href":"https:\/\/m2psav.master.edu-math.org\/index.php?rest_route=%2Fwp%2Fv2%2Fmedia&parent=62"}],"curies":[{"name":"wp","href":"https:\/\/api.w.org\/{rel}","templated":true}]}}