{"id":10,"date":"2013-11-14T19:35:25","date_gmt":"2013-11-14T18:35:25","guid":{"rendered":"http:\/\/www.latp.univ-mrs.fr\/~mathieu.dandonneau\/m2psav.new\/?page_id=10"},"modified":"2025-10-08T15:43:30","modified_gmt":"2025-10-08T14:43:30","slug":"programme","status":"publish","type":"page","link":"https:\/\/m2psav.master.edu-math.org\/?page_id=10","title":{"rendered":"Programme"},"content":{"rendered":"<p>Tronc Commun :<br \/>\nR\u00e9union de rentr\u00e9e et d\u00e9but des cours le lundi 5 Octobre 2026.<\/p>\n<p>Liste des modules :<br \/>\nProcessus de Poisson et Cha\u00eenes de Markov en temps continu, Modeste N\u2019ZI &#8211; <a href=\"?page_id=41\">programme d\u00e9taill\u00e9<\/a><br \/>\nMartingales, Mouvement Brownien et calcul stochastique, Modeste N\u2019ZI &#8211; <a href=\"?page_id=45\">programme d\u00e9taill\u00e9<\/a><br \/>\nStatistique d\u00e9cisionnelle, Ouagnina HILI &#8211; <a href=\"?page_id=47\">programme d\u00e9taill\u00e9<\/a><br \/>\nSimulations des processus stochastiques, Armel YODE &#8211; <a href=\"?page_id=49\">programme d\u00e9taill\u00e9<\/a><br \/>\nTh\u00e9orie de l&rsquo;apprentissage et statistique non param\u00e9trique, Armel YODE <a href=\"?page_id=298\">programme d\u00e9taill\u00e9<\/a><br \/>\nMachine learning Amadou DIABAGATE <a href=\"?page_id=301\">programme d\u00e9taill\u00e9<\/a><br \/>\nM\u00e9thodes statistiques appliqu\u00e9es, Ahmadou SAWADOGO <a href=\"?page_id=304\">programme d\u00e9taill\u00e9<\/a><br \/>\nExamens de TC fin D\u00e9cembre<\/p>\n<p>Cours optionnels :<br \/>\nA partir du lundi 4 janvier 2027 (la liste des cours optionnels sera r\u00e9actualis\u00e9e fin 2024):<br \/>\nEDS progressives et r\u00e9trogrades, Auguste AMAN (UFHB) &#8211; <a href=\"?page_id=51\">programme d\u00e9taill\u00e9<\/a><br \/>\nMesures al\u00e9atoires de Poisson et processus de L\u00e9vy, Etienne PARDOUX (AMU, France) <a href=\"?page_id=295\">programme d\u00e9taill\u00e9<\/a><br \/>\nMod\u00e8les probabilistes des \u00e9pid\u00e9mies,\u00a0 T\u00e9nan YEO (UFHB)- <a href=\"?page_id=56\">programme d\u00e9taill\u00e9<\/a><br \/>\nProcessus de branchement, Ibrahima DRAME (UCAD, Dakar, S\u00e9n\u00e9gal) <a href=\"?page_id=289\">programme d\u00e9taill\u00e9<\/a><br \/>\nMod\u00e8les lin\u00e9aires, Vincent MONSAN (UFHB)- <a href=\"?page_id=62\">programme d\u00e9taill\u00e9<\/a><br \/>\nChaque \u00e9tudiant doit choisir 4 options; il est vivement recommand\u00e9 d&rsquo;en suivre 5; les 4 meilleures notes d&rsquo;examen comptant pour la note finale.<br \/>\nCes enseignements et les examens associ\u00e9s seront termin\u00e9s fin Mars 2025.<\/p>\n<p>Stage de M2 :<br \/>\nLe stage aura lieu de d\u00e9but Avril \u00e0 la mi Juillet 2027.<br \/>\nLes propositions de stage auront toutes \u00e9t\u00e9 pr\u00e9sent\u00e9es aux \u00e9tudiants en Janvier 2027.<br \/>\nLes choix de stage devront \u00eatre faits courant F\u00e9vrier, pour permettre de d\u00e9poser les \u00e9ventuelles demandes de visa dans les d\u00e9lais.<br \/>\nLes propositions de stage en France (voire dans d&rsquo;autres pays europ\u00e9ens) seront assorties du financement du voyage et du s\u00e9jour pendant la dur\u00e9e du stage.<br \/>\nLes \u00e9tudiants non Ivoiriens devront d\u00e9clarer leur r\u00e9sidence \u00e0 Abidjan aux autorit\u00e9s comp\u00e9tentes d\u00e8s la rentr\u00e9e d&rsquo;octobre 2026, afin que le consulat fran\u00e7ais d&rsquo;Abidjan soit comp\u00e9tent pour traiter leur demande de visa.<\/p>\n","protected":false},"excerpt":{"rendered":"<p>Tronc Commun : R\u00e9union de rentr\u00e9e et d\u00e9but des cours le lundi 5 Octobre 2026. Liste des modules : Processus de Poisson et Cha\u00eenes de Markov en temps continu, Modeste N\u2019ZI &#8211; programme d\u00e9taill\u00e9 Martingales, Mouvement Brownien et calcul stochastique, Modeste N\u2019ZI &#8211; programme d\u00e9taill\u00e9 Statistique d\u00e9cisionnelle, Ouagnina HILI &#8211; programme d\u00e9taill\u00e9 Simulations des processus [&hellip;]<\/p>\n","protected":false},"author":1,"featured_media":0,"parent":0,"menu_order":0,"comment_status":"closed","ping_status":"open","template":"","meta":{"footnotes":""},"class_list":["post-10","page","type-page","status-publish","hentry"],"_links":{"self":[{"href":"https:\/\/m2psav.master.edu-math.org\/index.php?rest_route=\/wp\/v2\/pages\/10","targetHints":{"allow":["GET"]}}],"collection":[{"href":"https:\/\/m2psav.master.edu-math.org\/index.php?rest_route=\/wp\/v2\/pages"}],"about":[{"href":"https:\/\/m2psav.master.edu-math.org\/index.php?rest_route=\/wp\/v2\/types\/page"}],"author":[{"embeddable":true,"href":"https:\/\/m2psav.master.edu-math.org\/index.php?rest_route=\/wp\/v2\/users\/1"}],"replies":[{"embeddable":true,"href":"https:\/\/m2psav.master.edu-math.org\/index.php?rest_route=%2Fwp%2Fv2%2Fcomments&post=10"}],"version-history":[{"count":34,"href":"https:\/\/m2psav.master.edu-math.org\/index.php?rest_route=\/wp\/v2\/pages\/10\/revisions"}],"predecessor-version":[{"id":31534,"href":"https:\/\/m2psav.master.edu-math.org\/index.php?rest_route=\/wp\/v2\/pages\/10\/revisions\/31534"}],"wp:attachment":[{"href":"https:\/\/m2psav.master.edu-math.org\/index.php?rest_route=%2Fwp%2Fv2%2Fmedia&parent=10"}],"curies":[{"name":"wp","href":"https:\/\/api.w.org\/{rel}","templated":true}]}}